{"id":53,"date":"2022-05-18T11:00:27","date_gmt":"2022-05-18T11:00:27","guid":{"rendered":"http:\/\/hrvatska-udruga-kristalografa.hr\/htcc5\/?page_id=53"},"modified":"2022-07-31T21:43:29","modified_gmt":"2022-07-31T21:43:29","slug":"dubrovnik","status":"publish","type":"page","link":"https:\/\/hrvatska-udruga-kristalografa.hr\/htcc5\/dubrovnik\/","title":{"rendered":"Dubrovnik"},"content":{"rendered":"\n\n<div class=\"ngg-galleryoverview ngg-slideshow\"\n\t id=\"ngg-slideshow-afeebf76cd4585911c3f7e39909286cb-1750062130\"\n     data-gallery-id=\"afeebf76cd4585911c3f7e39909286cb\"\n     style=\"max-width: 1100px; max-height: 300px;\">\n\n \t<div id=\"ngg-image-0\" class=\"ngg-gallery-slideshow-image\" style=\"height:300px\">\n\n        <a href=\"https:\/\/hrvatska-udruga-kristalografa.hr\/htcc5\/wp-content\/gallery\/banner\/1_wo_HTTC5_1100px300px.jpg\"\n           title=\"\"\n           data-src=\"https:\/\/hrvatska-udruga-kristalografa.hr\/htcc5\/wp-content\/gallery\/banner\/1_wo_HTTC5_1100px300px.jpg\"\n           data-thumbnail=\"https:\/\/hrvatska-udruga-kristalografa.hr\/htcc5\/wp-content\/gallery\/banner\/thumbs\/thumbs_1_wo_HTTC5_1100px300px.jpg\"\n           data-image-id=\"153\"\n           data-title=\"1_wo_HTTC5_1100px300px\"\n           data-description=\"\"\n           class=\"ngg-simplelightbox\" rel=\"afeebf76cd4585911c3f7e39909286cb\">\n\n            <img data-image-id='153'\n                 title=\"\"\n                 alt=\"1_wo_HTTC5_1100px300px\"\n                 src=\"https:\/\/hrvatska-udruga-kristalografa.hr\/htcc5\/wp-content\/gallery\/banner\/1_wo_HTTC5_1100px300px.jpg\"\n                 style=\"max-height: 280px;\"\/>\n        <\/a>\n\n        <\/div> \n<div id=\"ngg-image-1\" class=\"ngg-gallery-slideshow-image\" style=\"height:300px\">\n\n        <a href=\"https:\/\/hrvatska-udruga-kristalografa.hr\/htcc5\/wp-content\/gallery\/banner\/NTB-Web-Banner-HTCC5.png\"\n           title=\"\"\n           data-src=\"https:\/\/hrvatska-udruga-kristalografa.hr\/htcc5\/wp-content\/gallery\/banner\/NTB-Web-Banner-HTCC5.png\"\n           data-thumbnail=\"https:\/\/hrvatska-udruga-kristalografa.hr\/htcc5\/wp-content\/gallery\/banner\/thumbs\/thumbs_NTB-Web-Banner-HTCC5.png\"\n           data-image-id=\"154\"\n           data-title=\"2nd version nt8 - 1\"\n           data-description=\"\"\n           class=\"ngg-simplelightbox\" rel=\"afeebf76cd4585911c3f7e39909286cb\">\n\n            <img data-image-id='154'\n                 title=\"\"\n                 alt=\"2nd version nt8 - 1\"\n                 src=\"https:\/\/hrvatska-udruga-kristalografa.hr\/htcc5\/wp-content\/gallery\/banner\/NTB-Web-Banner-HTCC5.png\"\n                 style=\"max-height: 280px;\"\/>\n        <\/a>\n\n        <\/div> \n<div id=\"ngg-image-2\" class=\"ngg-gallery-slideshow-image\" style=\"height:300px\">\n\n        <a href=\"https:\/\/hrvatska-udruga-kristalografa.hr\/htcc5\/wp-content\/gallery\/banner\/1100x300_Banner_X-ray-Analysis-Solutions.jpg\"\n           title=\"\"\n           data-src=\"https:\/\/hrvatska-udruga-kristalografa.hr\/htcc5\/wp-content\/gallery\/banner\/1100x300_Banner_X-ray-Analysis-Solutions.jpg\"\n           data-thumbnail=\"https:\/\/hrvatska-udruga-kristalografa.hr\/htcc5\/wp-content\/gallery\/banner\/thumbs\/thumbs_1100x300_Banner_X-ray-Analysis-Solutions.jpg\"\n           data-image-id=\"155\"\n           data-title=\"1100x300_Banner_X-ray-Analysis-Solutions\"\n           data-description=\"\"\n           class=\"ngg-simplelightbox\" rel=\"afeebf76cd4585911c3f7e39909286cb\">\n\n            <img data-image-id='155'\n                 title=\"\"\n                 alt=\"1100x300_Banner_X-ray-Analysis-Solutions\"\n                 src=\"https:\/\/hrvatska-udruga-kristalografa.hr\/htcc5\/wp-content\/gallery\/banner\/1100x300_Banner_X-ray-Analysis-Solutions.jpg\"\n                 style=\"max-height: 280px;\"\/>\n        <\/a>\n\n        <\/div> \n<div id=\"ngg-image-3\" class=\"ngg-gallery-slideshow-image\" style=\"height:300px\">\n\n        <a href=\"https:\/\/hrvatska-udruga-kristalografa.hr\/htcc5\/wp-content\/gallery\/banner\/ban2.jpg\"\n           title=\"\"\n           data-src=\"https:\/\/hrvatska-udruga-kristalografa.hr\/htcc5\/wp-content\/gallery\/banner\/ban2.jpg\"\n           data-thumbnail=\"https:\/\/hrvatska-udruga-kristalografa.hr\/htcc5\/wp-content\/gallery\/banner\/thumbs\/thumbs_ban2.jpg\"\n           data-image-id=\"127\"\n           data-title=\"ban2\"\n           data-description=\"\"\n           class=\"ngg-simplelightbox\" rel=\"afeebf76cd4585911c3f7e39909286cb\">\n\n            <img data-image-id='127'\n                 title=\"\"\n                 alt=\"ban2\"\n                 src=\"https:\/\/hrvatska-udruga-kristalografa.hr\/htcc5\/wp-content\/gallery\/banner\/ban2.jpg\"\n                 style=\"max-height: 280px;\"\/>\n        <\/a>\n\n        <\/div> \n<div id=\"ngg-image-4\" class=\"ngg-gallery-slideshow-image\" style=\"height:300px\">\n\n        <a href=\"https:\/\/hrvatska-udruga-kristalografa.hr\/htcc5\/wp-content\/gallery\/banner\/ban1.jpg\"\n           title=\"\"\n           data-src=\"https:\/\/hrvatska-udruga-kristalografa.hr\/htcc5\/wp-content\/gallery\/banner\/ban1.jpg\"\n           data-thumbnail=\"https:\/\/hrvatska-udruga-kristalografa.hr\/htcc5\/wp-content\/gallery\/banner\/thumbs\/thumbs_ban1.jpg\"\n           data-image-id=\"128\"\n           data-title=\"ban1\"\n           data-description=\"\"\n           class=\"ngg-simplelightbox\" rel=\"afeebf76cd4585911c3f7e39909286cb\">\n\n            <img data-image-id='128'\n                 title=\"\"\n                 alt=\"ban1\"\n                 src=\"https:\/\/hrvatska-udruga-kristalografa.hr\/htcc5\/wp-content\/gallery\/banner\/ban1.jpg\"\n                 style=\"max-height: 280px;\"\/>\n        <\/a>\n\n        <\/div> \n<div id=\"ngg-image-5\" class=\"ngg-gallery-slideshow-image\" style=\"height:300px\">\n\n        <a href=\"https:\/\/hrvatska-udruga-kristalografa.hr\/htcc5\/wp-content\/gallery\/banner\/ban4.jpg\"\n           title=\"\"\n           data-src=\"https:\/\/hrvatska-udruga-kristalografa.hr\/htcc5\/wp-content\/gallery\/banner\/ban4.jpg\"\n           data-thumbnail=\"https:\/\/hrvatska-udruga-kristalografa.hr\/htcc5\/wp-content\/gallery\/banner\/thumbs\/thumbs_ban4.jpg\"\n           data-image-id=\"129\"\n           data-title=\"ban4\"\n           data-description=\"\"\n           class=\"ngg-simplelightbox\" rel=\"afeebf76cd4585911c3f7e39909286cb\">\n\n            <img data-image-id='129'\n                 title=\"\"\n                 alt=\"ban4\"\n                 src=\"https:\/\/hrvatska-udruga-kristalografa.hr\/htcc5\/wp-content\/gallery\/banner\/ban4.jpg\"\n                 style=\"max-height: 280px;\"\/>\n        <\/a>\n\n        <\/div> \n<\/div>\n\n\n\n\n<h3><span style=\"font-family: arial, helvetica, sans-serif; font-size: 18pt;\">Very basic geographical features&#8230;<\/span><\/h3>\n<p style=\"text-align: justify;\"><span style=\"font-family: arial, helvetica, sans-serif;\">Dubrovnik, formerly known as Ragusa, is a <a href=\"https:\/\/www.dubrovnikcity.com\/dubrovnik\/attractions\/old__port.htm\" target=\"_blank\" rel=\"noopener\">port city<\/a> on the Adriatic Sea in the Dalmatia region of southern Croatia. It is administrative center of Dubrovnik-Neretva County, as well as one of the most famous tourist destinations on the Mediterranean. Located at the foot of the Mt Sr\u0111 and surrounded by the incredibly pristine waters of the calm Adriatic Sea, it is the Croatia\u2019s most popular tourist destination, and one of the shining tourist and cultural stars of the European Union. Dubrovnik offers each of its visitors a journey through time, with more than 1000 years of history reflected in every stone of this truly breathtaking place. The <a href=\"https:\/\/en.wikipedia.org\/wiki\/Pelje%C5%A1ac_Bridge\" target=\"_blank\" rel=\"noopener\">Pelje\u0161ac Bridge<\/a> connects the city with the rest of the country despite its location in an exclave.<\/span><\/p>\n<p><img loading=\"lazy\" decoding=\"async\" class=\"alignnone size-full wp-image-1938\" src=\"http:\/\/hrvatska-udruga-kristalografa.hr\/htcc5\/wp-content\/uploads\/2022\/07\/Picture1.png\" alt=\"\" width=\"4065\" height=\"1274\" srcset=\"https:\/\/hrvatska-udruga-kristalografa.hr\/htcc5\/wp-content\/uploads\/2022\/07\/Picture1.png 4065w, https:\/\/hrvatska-udruga-kristalografa.hr\/htcc5\/wp-content\/uploads\/2022\/07\/Picture1-300x94.png 300w, https:\/\/hrvatska-udruga-kristalografa.hr\/htcc5\/wp-content\/uploads\/2022\/07\/Picture1-1024x321.png 1024w, https:\/\/hrvatska-udruga-kristalografa.hr\/htcc5\/wp-content\/uploads\/2022\/07\/Picture1-768x241.png 768w, https:\/\/hrvatska-udruga-kristalografa.hr\/htcc5\/wp-content\/uploads\/2022\/07\/Picture1-1536x481.png 1536w, https:\/\/hrvatska-udruga-kristalografa.hr\/htcc5\/wp-content\/uploads\/2022\/07\/Picture1-2048x642.png 2048w\" sizes=\"auto, (max-width: 4065px) 100vw, 4065px\" \/><\/p>\n<p>&nbsp;<\/p>\n<p style=\"text-align: justify;\"><span style=\"font-family: arial, helvetica, sans-serif;\">The city is surrounded by unique medieval <a href=\"https:\/\/www.dubrovnikcity.com\/dubrovnik\/attractions\/dubrovnik_city_walls.htm\" target=\"_blank\" rel=\"noopener\">City Walls<\/a>, which have been preserved in their original form and are open to visitors as the main attraction of the city. The 12th-century walls, which run uninterrupted for almost 2 km around the city encircle the limestone-blanketed small streets and landmarks of Old Town. There used to be four gates leading into the city of Dubrovnik: the Pile Gate, The Ploce Gate, the Peskarija Gate and the Ponta Gate. Dubrovnik was included in the World Heritage List UNESCO in 1979 for its outstanding medieval architecture and fortified Old Town. The walls of Dubrovnik have also been a popular filming location for the fictional city of <a href=\"https:\/\/www.kingslandingdubrovnik.com\/\" target=\"_blank\" rel=\"noopener\">King&#8217;s Landing<\/a> in the most well-known HBO production, <a href=\"https:\/\/en.wikipedia.org\/wiki\/Game_of_Thrones\" target=\"_blank\" rel=\"noopener\">Game of Thrones<\/a>.<\/span><\/p>\n<p>&nbsp;<\/p>\n<h3><span style=\"font-family: arial, helvetica, sans-serif; font-size: 18pt;\">What about the weather?<\/span><\/h3>\n<p style=\"text-align: justify;\"><span style=\"font-family: arial, helvetica, sans-serif;\">Having hot, muggy, moderately dry summers and mild winters, with the average annual temperature of 17 \u00b0C, and the summer temperature of 26 \u00b0C, and more than 250 sunny days per year, Dubrovnik has a typical <a href=\"https:\/\/meteo.hr\/prognoze_e.php?Code=14472&amp;id=prognoza&amp;section=prognoze_model&amp;param=7d&amp;el=hrvatska\" target=\"_blank\" rel=\"noopener\">Mediterranean climate<\/a>. During the summer average sea temperature is above 21\u00b0C.<\/span><\/p>\n<p>&nbsp;<\/p>\n<h3><span style=\"font-family: arial, helvetica, sans-serif; font-size: 18pt;\">Things to do&#8230;<\/span><\/h3>\n<p><img loading=\"lazy\" decoding=\"async\" class=\"wp-image-1847 alignright\" src=\"http:\/\/hrvatska-udruga-kristalografa.hr\/htcc5\/wp-content\/uploads\/2022\/07\/cable-car.png\" alt=\"\" width=\"615\" height=\"270\" srcset=\"https:\/\/hrvatska-udruga-kristalografa.hr\/htcc5\/wp-content\/uploads\/2022\/07\/cable-car.png 940w, https:\/\/hrvatska-udruga-kristalografa.hr\/htcc5\/wp-content\/uploads\/2022\/07\/cable-car-300x131.png 300w, https:\/\/hrvatska-udruga-kristalografa.hr\/htcc5\/wp-content\/uploads\/2022\/07\/cable-car-768x337.png 768w\" sizes=\"auto, (max-width: 615px) 100vw, 615px\" \/><\/p>\n<p style=\"text-align: justify;\"><span style=\"font-family: arial, helvetica, sans-serif;\">The picturesque fishing village of Srebreno, home to HTCC5, is one of many charming places along the stunning Dubrovnik Riviera. You are just 10 kilometers from the gates of Dubrovnik&#8217;s Old Town. Take the Libertas local bus No. 10, which runs approximately hourly from Cavtat to Dubrovnik&#8217;s Central Bus Station. Get off at the Ilijina glavica stop and immerse yourself in the incomparable beauty of Dubrovnik&#8217;s walled Old Town. Take the same bus (No. 10, to Cavtat) back to Srebreno, but this time get off at the <a href=\"https:\/\/www.dubrovnikcablecar.com\/\" target=\"_blank\" rel=\"noopener\">cable car<\/a> stop (closest to the Old Town gate) and do not miss the jaw-dropping views of iconic Old Town from 412-meter Mt Sr\u0111 that you will ever had. Being at the top of the Mt Sr\u0111, you can see as far as 60 km on a clear day.<\/span><\/p>\n<p>&nbsp;<\/p>\n<p><img loading=\"lazy\" decoding=\"async\" class=\" wp-image-1848 alignleft\" src=\"http:\/\/hrvatska-udruga-kristalografa.hr\/htcc5\/wp-content\/uploads\/2022\/07\/thing-to-do.png\" alt=\"\" width=\"721\" height=\"295\" srcset=\"https:\/\/hrvatska-udruga-kristalografa.hr\/htcc5\/wp-content\/uploads\/2022\/07\/thing-to-do.png 5334w, https:\/\/hrvatska-udruga-kristalografa.hr\/htcc5\/wp-content\/uploads\/2022\/07\/thing-to-do-300x123.png 300w, https:\/\/hrvatska-udruga-kristalografa.hr\/htcc5\/wp-content\/uploads\/2022\/07\/thing-to-do-1024x420.png 1024w, https:\/\/hrvatska-udruga-kristalografa.hr\/htcc5\/wp-content\/uploads\/2022\/07\/thing-to-do-768x315.png 768w, https:\/\/hrvatska-udruga-kristalografa.hr\/htcc5\/wp-content\/uploads\/2022\/07\/thing-to-do-1536x629.png 1536w, https:\/\/hrvatska-udruga-kristalografa.hr\/htcc5\/wp-content\/uploads\/2022\/07\/thing-to-do-2048x839.png 2048w\" sizes=\"auto, (max-width: 721px) 100vw, 721px\" \/><\/p>\n<p style=\"text-align: justify;\"><span style=\"font-family: arial, helvetica, sans-serif;\">Return to the Old Town on foot after hopping back into a cable car. Stroll through <a href=\"https:\/\/tzdubrovnik.hr\/lang\/en\/get\/spomenici\/5299\/main_entrance_to_the_city_walls.html\" target=\"_blank\" rel=\"noopener\">Pile Gate<\/a>, one of three through-the-walls entrances, and stop at <a href=\"https:\/\/www.dubrovnikcity.com\/dubrovnik\/attractions\/onofrio_fountain.htm\" target=\"_blank\" rel=\"noopener\">Onofrio&#8217;s Fountain<\/a>, a large circular structure with faucets that served as the terminus for the 12-kilometer aqueduct that brought drinking water into Dubrovnik. Walk over to the nearby medieval <a href=\"https:\/\/www.dubrovnikcity.com\/dubrovnik\/attractions\/franciscan_monastery.htm\" target=\"_blank\" rel=\"noopener\">Franciscan monastery<\/a>, which is home to one of Europe&#8217;s oldest still-operational pharmacies, Friars Minor Pharmacy, which dates back to 1317. While walking down the <a href=\"https:\/\/en.wikipedia.org\/wiki\/Stradun_(street)\" target=\"_blank\" rel=\"noopener\">Stradun<\/a>, the main pedestrian thoroughfare of the Old Town, make a stop at the Renaissance-era <a href=\"https:\/\/www.dubrovnikcity.com\/dubrovnik\/attractions\/sponza_palace.htm\">Sponza Palace<\/a>, which now houses the state archives. <a href=\"https:\/\/ich.unesco.org\/en\/RL\/festivity-of-saint-blaise-the-patron-of-dubrovnik-00232\" target=\"_blank\" rel=\"noopener\">Saint Blaise<\/a> is the patron saint of Dubrovnik, thus it&#8217;s difficult to miss his statues throughout the city and its surrounding. On the other hand, it is and unquestionable fact that\u00a0 Dubrovnik created and constructed the <a href=\"http:\/\/dubrovnikdigest.com\/en\/sights\/lazareti-quarantine\" target=\"_blank\" rel=\"noopener\">first quarantine<\/a> and one of the first sewage systems in the world. When looking around the Old Town, it is hard not to notice the monumentality of the <a href=\"https:\/\/www.dubrovnikcity.com\/dubrovnik\/attractions\/fortress_revelin.htm\">Ravelin<\/a>, <a href=\"https:\/\/www.dubrovnikcity.com\/dubrovnik\/attractions\/fortress_lovrijenac.htm\">Lovrijenac,<\/a>\u00a0<a href=\"https:\/\/www.dubrovnikcity.com\/dubrovnik\/attractions\/st_john__fortress.htm\">St John<\/a> and <a href=\"https:\/\/www.dubrovnikcity.com\/dubrovnik\/attractions\/bokar_fortress.htm\">Bokar<\/a> forts, as well as<\/span><span style=\"font-family: arial, helvetica, sans-serif;\"> interwoven network of <a href=\"http:\/\/www.meetdubrovnik.com\/en\/dubrovnik-cultural-heritage\/churches-synagogue-mosque-orthodox.html\" target=\"_blank\" rel=\"noopener\">protected monuments<\/a>, <a href=\"http:\/\/www.meetdubrovnik.com\/en\/dubrovnik-cultural-heritage\/churches-synagogue-mosque-orthodox.html\" target=\"_blank\" rel=\"noopener\">sacred buildings<\/a>, <a href=\"https:\/\/www.tripadvisor.in\/Attractions-g295371-Activities-c49-Dubrovnik_Dubrovnik_Neretva_County_Dalmatia.html\" target=\"_blank\" rel=\"noopener\">museums<\/a>, and <a href=\"https:\/\/visitdubrovnik.hr\/attractions\/natural-beauty\/\" target=\"_blank\" rel=\"noopener\">natural attractions<\/a> that form the backbone of the world&#8217;s exceptional material and nonmaterial heritage.<\/span><\/p>\n<p>&nbsp;<\/p>\n<h3><span style=\"font-family: arial, helvetica, sans-serif;\">Nature around Dubrovnik&#8230;<\/span><\/h3>\n<p><img loading=\"lazy\" decoding=\"async\" class=\"wp-image-1844 alignright\" src=\"http:\/\/hrvatska-udruga-kristalografa.hr\/htcc5\/wp-content\/uploads\/2022\/07\/Nature-300x125.png\" alt=\"\" width=\"634\" height=\"264\" srcset=\"https:\/\/hrvatska-udruga-kristalografa.hr\/htcc5\/wp-content\/uploads\/2022\/07\/Nature-300x125.png 300w, https:\/\/hrvatska-udruga-kristalografa.hr\/htcc5\/wp-content\/uploads\/2022\/07\/Nature-1024x425.png 1024w, https:\/\/hrvatska-udruga-kristalografa.hr\/htcc5\/wp-content\/uploads\/2022\/07\/Nature-768x319.png 768w, https:\/\/hrvatska-udruga-kristalografa.hr\/htcc5\/wp-content\/uploads\/2022\/07\/Nature-1536x638.png 1536w, https:\/\/hrvatska-udruga-kristalografa.hr\/htcc5\/wp-content\/uploads\/2022\/07\/Nature-2048x851.png 2048w\" sizes=\"auto, (max-width: 634px) 100vw, 634px\" \/><\/p>\n<p style=\"text-align: justify;\"><span style=\"font-family: arial, helvetica, sans-serif;\">The natural beauty surrounding Dubrovnik is worth seeing. Whether you visit the <a href=\"https:\/\/www.info.hazu.hr\/en\/jedinice\/arboretum-trsteno\/\" target=\"_blank\" rel=\"noopener\">Trsteno Arboretum,<\/a> a historical country estate with gardens, old olive groves and areas under natural vegetation spread over an area of 28 hectares, 25 km west of Dubrovnik, or the seaside monastery and botanic garden <\/span><span style=\"font-family: arial, helvetica, sans-serif;\">at <a href=\"http:\/\/www.lokrum.hr\/eng\/\" target=\"_blank\" rel=\"noopener\">Lokrum islet<\/a> or just the shops, restaurants, and the most famous hotels at Lapad Peninsula, don&#8217;t forget to sample the region&#8217;s excellent gastronomy. A few days stay in Dubrovnik is certainly not enough time to visit the wonderful places and discover all the possibilities that this city has to offer, so you should visit it again. Who knows, maybe the list will include hidden caves on the <a href=\"https:\/\/www.visit-croatia.co.uk\/croatia-destinations\/croatian-islands\/elafiti-islands\/\" target=\"_blank\" rel=\"noopener\">Elaphite islands<\/a>, the river Ombla (one of the shortest rivers in the world) near the 5 km long fjord <a href=\"https:\/\/tzdubrovnik.hr\/lang\/en\/get\/prirodne_znamenitosti\/53046\/rijeka_dubrovacka.html\" target=\"_blank\" rel=\"noopener\">Rijeka Dubrova\u010dka<\/a> or the tiny towns and small villages on the island of \u0160ipan.<\/span><\/p>\n<p>&nbsp;<\/p>\n<h3><span style=\"font-family: arial, helvetica, sans-serif; font-size: 18pt;\">Famous Dubrovnik people&#8230;<\/span><\/h3>\n<p style=\"text-align: justify;\"><img loading=\"lazy\" decoding=\"async\" class=\"wp-image-1850 alignleft\" src=\"http:\/\/hrvatska-udruga-kristalografa.hr\/htcc5\/wp-content\/uploads\/2022\/07\/VB-300x220.jpg\" alt=\"\" width=\"295\" height=\"217\" srcset=\"https:\/\/hrvatska-udruga-kristalografa.hr\/htcc5\/wp-content\/uploads\/2022\/07\/VB-300x220.jpg 300w, https:\/\/hrvatska-udruga-kristalografa.hr\/htcc5\/wp-content\/uploads\/2022\/07\/VB-1024x751.jpg 1024w, https:\/\/hrvatska-udruga-kristalografa.hr\/htcc5\/wp-content\/uploads\/2022\/07\/VB-768x563.jpg 768w, https:\/\/hrvatska-udruga-kristalografa.hr\/htcc5\/wp-content\/uploads\/2022\/07\/VB-1536x1126.jpg 1536w, https:\/\/hrvatska-udruga-kristalografa.hr\/htcc5\/wp-content\/uploads\/2022\/07\/VB-2048x1501.jpg 2048w\" sizes=\"auto, (max-width: 295px) 100vw, 295px\" \/><span style=\"font-family: arial, helvetica, sans-serif;\">Dubrovnik has produced great scientists, writers, politicians, and artists who have made significant contributions to the advancement of Croatian and global science and culture. Amon<\/span><span style=\"font-family: arial, helvetica, sans-serif;\">g t<\/span><span style=\"font-family: arial, helvetica, sans-serif;\">he most famou<\/span><img loading=\"lazy\" decoding=\"async\" class=\"wp-image-1856 alignright\" style=\"font-family: arial, helvetica, sans-serif;\" src=\"http:\/\/hrvatska-udruga-kristalografa.hr\/htcc5\/wp-content\/uploads\/2022\/07\/MD-1-300x200.png\" alt=\"\" width=\"240\" height=\"160\" srcset=\"https:\/\/hrvatska-udruga-kristalografa.hr\/htcc5\/wp-content\/uploads\/2022\/07\/MD-1-300x200.png 300w, https:\/\/hrvatska-udruga-kristalografa.hr\/htcc5\/wp-content\/uploads\/2022\/07\/MD-1.png 548w\" sizes=\"auto, (max-width: 240px) 100vw, 240px\" \/><span style=\"font-family: arial, helvetica, sans-serif;\">s Dubrovnik residents are librarians <a href=\"https:\/\/en.wikipedia.org\/wiki\/Marin_Dr%C5%BEi%C4%87\" target=\"_blank\" rel=\"noopener\">Marin Dr\u017ei\u0107<\/a> and <a href=\"https:\/\/en.wikipedia.org\/wiki\/Ivo_Vojnovi%C4%87\" target=\"_blank\" rel=\"noopener\">Ivo Vojnovi\u0107<\/a>, painter <a href=\"https:\/\/en.wikipedia.org\/wiki\/Vlaho_Bukovac\" target=\"_blank\" rel=\"noopener\">Vlaho Bukovac<\/a>, mathematician <a href=\"https:\/\/en.wikipedia.org\/wiki\/Marino_Ghetaldi\" target=\"_blank\" rel=\"noopener\">Marin Getaldi\u0107<\/a>, astronomer, physicist and philosopher <a href=\"https:\/\/en.wikipedia.org\/wiki\/Roger_Joseph_Boscovich\" target=\"_blank\" rel=\"noopener\">Ru\u0111er Bo\u0161kovi\u0107<\/a>, after wh<\/span><span style=\"font-family: arial, helvetica, sans-serif;\">om Croatia&#8217;s largest scientific institute is named.<\/span><\/p>\n<p>&nbsp;<\/p>\n<p>&nbsp;<\/p>\n<h3 style=\"text-align: justify;\"><span style=\"font-family: arial, helvetica, sans-serif;\">It is good to know&#8230;<\/span><\/h3>\n<ul>\n<li style=\"text-align: left;\"><span style=\"font-family: arial, helvetica, sans-serif;\">Best time to visit Dubrovnik would be May or late September and October.<\/span><\/li>\n<li style=\"text-align: left;\"><span style=\"font-family: arial, helvetica, sans-serif;\">Make sure you book your accommodation in Dubrovnik well in advance.<\/span><\/li>\n<li style=\"text-align: left;\"><span style=\"font-family: arial, helvetica, sans-serif;\">Old Town is 5 km away from the Lapad Peninsula, where most Dubrovnik hotels are located.\u00a0<\/span><\/li>\n<li style=\"text-align: left;\"><span style=\"font-family: arial, helvetica, sans-serif;\">Dubrovnik Old Town is pedestrian zone with many steps.<\/span><\/li>\n<li><span style=\"font-family: arial, helvetica, sans-serif;\">Dubrovnik&#8217;s area code is +385 20.<\/span><\/li>\n<li><span style=\"font-family: arial, helvetica, sans-serif;\">Dubrovnik\u2019s public transportation system consists only of buses &#8211; there is no subway, tram, train or metro.<\/span><\/li>\n<li><span style=\"font-family: arial, helvetica, sans-serif;\">Tap water in Dubrovnik, as in the rest of Croatia, is completely safe and can be drunk without any problems.<\/span><\/li>\n<\/ul>\n","protected":false},"excerpt":{"rendered":"<p>Very basic geographical features&#8230; Dubrovnik, formerly known as Ragusa, is a port city on the Adriatic Sea in the Dalmatia region of southern Croatia. It is administrative center of Dubrovnik-Neretva County, as well as one of the most famous tourist destinations on the Mediterranean. Located at the foot of the Mt Sr\u0111 and surrounded by [&hellip;]<\/p>\n","protected":false},"author":5,"featured_media":0,"parent":0,"menu_order":3,"comment_status":"closed","ping_status":"closed","template":"","meta":{"ngg_post_thumbnail":0,"footnotes":""},"class_list":["post-53","page","type-page","status-publish","hentry"],"aioseo_notices":[],"_links":{"self":[{"href":"https:\/\/hrvatska-udruga-kristalografa.hr\/htcc5\/wp-json\/wp\/v2\/pages\/53","targetHints":{"allow":["GET"]}}],"collection":[{"href":"https:\/\/hrvatska-udruga-kristalografa.hr\/htcc5\/wp-json\/wp\/v2\/pages"}],"about":[{"href":"https:\/\/hrvatska-udruga-kristalografa.hr\/htcc5\/wp-json\/wp\/v2\/types\/page"}],"author":[{"embeddable":true,"href":"https:\/\/hrvatska-udruga-kristalografa.hr\/htcc5\/wp-json\/wp\/v2\/users\/5"}],"replies":[{"embeddable":true,"href":"https:\/\/hrvatska-udruga-kristalografa.hr\/htcc5\/wp-json\/wp\/v2\/comments?post=53"}],"version-history":[{"count":0,"href":"https:\/\/hrvatska-udruga-kristalografa.hr\/htcc5\/wp-json\/wp\/v2\/pages\/53\/revisions"}],"wp:attachment":[{"href":"https:\/\/hrvatska-udruga-kristalografa.hr\/htcc5\/wp-json\/wp\/v2\/media?parent=53"}],"curies":[{"name":"wp","href":"https:\/\/api.w.org\/{rel}","templated":true}]}}